t is the remainder when 56178 is divided by 20?
18
What is the remainder when 1745 is divided by 436?
1
Calculate the remainder when 119 is divided by 37.
8
What is the remainder when 134 is divided by 68?
66
What is the remainder when 298 is divided by 3?
1
What is the remainder when 3466 is divided by 16?
10
Calculate the remainder when 1561 is divided by 68.
65
Calculate the remainder when 390 is divided by 129.
3
Calculate the remainder when 2430 is divided by 38.
36
Calculate the remainder when 815 is divided by 142.
105
Calculate the remainder when 68 is divided by 6.
2
Calculate the remainder when 933 is divided by 78.
75
What is the remainder when 70 is divided by 19?
13
What is the remainder when 250 is divided by 142?
108
Calculate the remainder when 3376 is divided by 37.
9
Calculate the remainder when 1149 is divided by 77.
71
Calculate the remainder when 1067 is divided by 5.
2
Calculate the remainder when 1424 is divided by 158.
2
Calculate the remainder when 307 is divided by 50.
7
What is the remainder when 195 is divided by 153?
42
Calculate the remainder when 357 is divided by 308.
49
Calculate the remainder when 961 is divided by 23.
18
Calculate the remainder when 375 is divided by 116.
27
Calculate the remainder when 139 is divided by 7.
6
What is the remainder when 1151 is divided by 9?
8
Calculate the remainder when 1654 is divided by 24.
22
Calculate the remainder when 38 is divided by 14.
10
What is the remainder when 20079 is divided by 10?
9
Calculate the remainder when 20 is divided by 7.
6
Calculate the remainder when 116 is divided by 15.
11
Calculate the remainder when 325 is divided by 27.
1
What is the remainder when 205 is divided by 183?
22
Calculate the remainder when 145 is divided by 30.
25
Calculate the remainder when 1435 is divided by 144.
139
What is the remainder when 1989 is divided by 90?
9
What is the remainder when 286 is divided by 283?
3
Calculate the remainder when 148 is divided by 28.
8
What is the remainder when 1397 is divided by 52?
45
Calculate the remainder when 6585 is divided by 61.
58
What is the remainder when 94 is divided by 8?
6
What is the remainder when 687 is divided by 69?
66
What is the remainder when 210 is divided by 107?
103
What is the remainder when 608 is divided by 64?
32
Calculate the remainder when 558 is divided by 70.
68
Calculate the remainder when 782 is divided by 9.
8
What is the remainder when 1823 is divided by 24?
23
Calculate the remainder when 378 is divided by 121.
15
Calculate the remainder when 1747 is divided by 28.
11
What is the remainder when 124 is divided by 32?
28
What is the remainder when 791 is divided by 44?
43
Calculate the remainder when 802 is divided by 102.
88
Calculate the remainder when 351 is divided by 26.
13
What is the remainder when 39 is divided by 13?
0
What is the remainder when 6724 is divided by 99?
91
What is the remainder when 146 is divided by 107?
39
Calculate the remainder when 302 is divided by 36.
14
What is the remainder when 125 is divided by 28?
13
Calculate the remainder when 141 is divided by 48.
45
What is the remainder when 290 is divided by 11?
4
What is the remainder when 1085 is divided by 1080?
5
What is the remainder when 1590 is divided by 324?
294
Calculate the remainder when 222 is divided by 47.
34
Calculate the remainder when 3124 is divided by 622.
14
Calculate the remainder when 267 is divided by 45.
42
What is the remainder when 1403 is divided by 174?
11
Calculate the remainder when 3456 is divided by 857.
28
What is the remainder when 379 is divided by 127?
125
Calculate the remainder when 135 is divided by 24.
15
Calculate the remainder when 17 is divided by 6.
5
Calculate the remainder when 148 is divided by 69.
10
What is the remainder when 61 is divided by 33?
28
What is the remainder when 861 is divided by 26?
3
Calculate the remainder when 372 is divided by 32.
20
What is the remainder when 19758 is divided by 247?
245
What is the remainder when 19 is divided by 12?
7
Calculate the remainder when 3091 is divided by 91.
88
Calculate the remainder when 682 is divided by 275.
132
Calculate the remainder when 17344 is divided by 42.
40
Calculate the remainder when 41 is divided by 16.
9
What is the remainder when 358 is divided by 19?
16
What is the remainder when 1970 is divided by 47?
43
Calculate the remainder when 775 is divided by 21.
19
Calculate the remainder when 407 is divided by 32.
23
Calculate the remainder when 62 is divided by 5.
2
Calculate the remainder when 368 is divided by 22.
16
What is the remainder when 299 is divided by 54?
29
Calculate the remainder when 199 is divided by 72.
55
Calculate the remainder when 205 is divided by 42.
37
What is the remainder when 96 is divided by 50?
46
What is the remainder when 61 is divided by 34?
27
What is the remainder when 707 is divided by 71?
68
Calculate the remainder when 667 is divided by 48.
43
What is the remainder when 4065 is divided by 1352?
9
What is the remainder when 228 is divided by 44?
8
Calculate the remainder when 464 is divided by 52.
48
Calculate the remainder when 1293 is divided by 48.
45
Calculate the remainder when 540 is divided by 246.
48
What is the remainder when 152 is divided by 50?
2
What is the remainder when 55 is divided by 46?
9
What is the remainder when 34 is divided by 30?
4
What is the remainder when 452 is divided by 147?
11
What is the remainder when 41 is divided by 3?
2
What is the remainder when 484 is divided by 54?
52
What is the remainder when 229 is divided by 29?
26
Calculate the remainder when 2254 is divided by 2226.
28
Calculate the remainder when 44002 is divided by 38.
36
Calculate the remainder when 913 is divided by 155.
138
Calculate the remainder when 370 is divided by 76.
66
Calculate the remainder when 384 is divided by 39.
33
Calculate the remainder when 57 is divided by 46.
11
What is the remainder when 127 is divided by 100?
27
Calculate the remainder when 2153 is divided by 135.
128
What is the remainder when 587 is divided by 71?
19
What is the remainder when 2556 is divided by 25?
6
What is the remainder when 2454 is divided by 117?
114
What is the remainder when 108 is divided by 11?
9
Calculate the remainder when 657 is divided by 212.
21
What is the remainder when 86 is divided by 14?
2
Calculate the remainder when 46 is divided by 6.
4
What is the remainder when 613 is divided by 163?
124
What is the remainder when 96 is divided by 26?
18
What is the remainder when 508 is divided by 102?
100
Calculate the remainder when 2123 is divided by 266.
261
What is the remainder when 13858 is divided by 22?
20
What is the remainder when 203 is divided by 78?
47
Calculate the remainder when 242 is divided by 70.
32
Calculate the remainder when 191 is divided by 32.
31
What is the remainder when 30 is divided by 29?
1
What is the remainder when 221 is divided by 37?
36
What is the remainder when 718 is divided by 239?
1
What is the remainder when 132 is divided by 67?
65
Calculate the remainder when 552 is divided by 63.
48
Calculate the remainder when 99 is divided by 25.
24
What is the remainder when 3909 is divided by 17?
16
What is the remainder when 141 is divided by 21?
15
Calculate the remainder when 8 is divided by 2.
0
Calculate the remainder when 6538 is divided by 34.
10
Calculate the remainder when 583 is divided by 45.
43
What is the remainder when 103 is divided by 32?
7
Calculate the remainder when 777 is divided by 30.
27
Calculate the remainder when 666 is divided by 167.
165
Calculate the remainder when 3092 is divided by 50.
42
What is the remainder when 102 is divided by 47?
8
Calculate the remainder when 508 is divided by 30.
28
Calculate the remainder when 1666 is divided by 12.
10
What is the remainder when 485 is divided by 217?
51
What is the remainder when 478 is divided by 4?
2
Calculate the remainder when 218 is divided by 24.
2
What is the remainder when 672 is divided by 27?
24
What is the remainder when 796 is divided by 136?
116
What is the remainder when 3957 is divided by 10?
7
Calculate the remainder when 364 is divided by 93.
85
Calculate the remainder when 111 is divided by 17.
9
What is the remainder when 225 is divided by 62?
39
Calcula